{"id":4925,"date":"2022-02-24T11:00:23","date_gmt":"2022-02-24T10:00:23","guid":{"rendered":"https:\/\/ecurie-francorchamps.be?page_id=4925"},"modified":"2022-03-01T20:31:12","modified_gmt":"2022-03-01T19:31:12","slug":"cart-3","status":"publish","type":"page","link":"https:\/\/ecurie-francorchamps.be\/?page_id=4925&lang=en","title":{"rendered":"Cart"},"content":{"rendered":"<div class=\"woocommerce\"><div class=\"woocommerce-notices-wrapper\"><\/div><div class=\"wc-empty-cart-message\">\n\t<div class=\"cart-empty woocommerce-info\">\n\t\tVotre panier est actuellement vide.\t<\/div>\n<\/div>\t<p class=\"return-to-shop\">\n\t\t<a class=\"button wc-backward\" href=\"https:\/\/ecurie-francorchamps.be\/?page_id=5041\">\n\t\t\tRetour \u00e0 la boutique\t\t<\/a>\n\t<\/p>\n<\/div>\n","protected":false},"excerpt":{"rendered":"Votre panier est actuellement vide. Retour \u00e0 la boutique","protected":false},"author":1,"featured_media":0,"parent":0,"menu_order":0,"comment_status":"closed","ping_status":"closed","template":"","meta":{"footnotes":""},"jetpack_sharing_enabled":true,"jetpack-related-posts":[{"id":5135,"url":"https:\/\/ecurie-francorchamps.be\/?page_id=5135&lang=en","url_meta":{"origin":4925,"position":0},"title":"Cart","author":"damien","date":"mardi, 26 ao\u00fbt 2014","format":false,"excerpt":"[vc_row][vc_column][vc_column_text][\/vc_column_text][\/vc_column][\/vc_row]","rel":"","context":"Article similaire","block_context":{"text":"Article similaire","link":""},"img":{"alt_text":"","src":"","width":0,"height":0},"classes":[]},{"id":5801,"url":"https:\/\/ecurie-francorchamps.be\/?page_id=5801&lang=en","url_meta":{"origin":4925,"position":1},"title":"Cart","author":"damien","date":"dimanche, 6 mars 2022","format":false,"excerpt":"","rel":"","context":"Article similaire","block_context":{"text":"Article similaire","link":""},"img":{"alt_text":"","src":"","width":0,"height":0},"classes":[]},{"id":5348,"url":"https:\/\/ecurie-francorchamps.be\/?page_id=5348","url_meta":{"origin":4925,"position":2},"title":"Conditions d&#8217;utilisation","author":"damien","date":"mardi, 22 mars 2022","format":false,"excerpt":"[vc_row][vc_column][vc_column_text]TERMES ET CONDITIONS Veuillez lire ces termes et conditions avec attention, ils contiennent des informations importantes sur vos droits et obligations. 1. Introduction 1.1 Veuillez lire ces termes et conditions avec attention avant d'utiliser ce site Web. Ce site Web est exploit\u00e9 par DISTRIWEAR SRL (\"DISTRIWEAR SRL\u00bb, \u00abnotre\u00bb, \u00abnous\u00bb ou\u2026","rel":"","context":"Article similaire","block_context":{"text":"Article similaire","link":""},"img":{"alt_text":"","src":"","width":0,"height":0},"classes":[]},{"id":6409,"url":"https:\/\/ecurie-francorchamps.be\/?page_id=6409","url_meta":{"origin":4925,"position":3},"title":"Politique de Confidentialit\u00e9","author":"damien","date":"mardi, 18 juillet 2023","format":false,"excerpt":"Nous nous r\u00e9jouissons de l'int\u00e9r\u00eat que vous portez \u00e0 notre site Internet. La protection de votre vie priv\u00e9e est tr\u00e8s importante pour nous.Nous vous informons ci-dessous, en d\u00e9tails, du traitement de vos donn\u00e9es. \u00a0 1 . Pr\u00e9l\u00e8vement, traitement et utilisation des donn\u00e9es \u00e0 caract\u00e8re personnel Vous pouvez visiter notre page\u2026","rel":"","context":"Article similaire","block_context":{"text":"Article similaire","link":""},"img":{"alt_text":"","src":"","width":0,"height":0},"classes":[]}],"_links":{"self":[{"href":"https:\/\/ecurie-francorchamps.be\/index.php?rest_route=\/wp\/v2\/pages\/4925"}],"collection":[{"href":"https:\/\/ecurie-francorchamps.be\/index.php?rest_route=\/wp\/v2\/pages"}],"about":[{"href":"https:\/\/ecurie-francorchamps.be\/index.php?rest_route=\/wp\/v2\/types\/page"}],"author":[{"embeddable":true,"href":"https:\/\/ecurie-francorchamps.be\/index.php?rest_route=\/wp\/v2\/users\/1"}],"replies":[{"embeddable":true,"href":"https:\/\/ecurie-francorchamps.be\/index.php?rest_route=%2Fwp%2Fv2%2Fcomments&post=4925"}],"version-history":[{"count":1,"href":"https:\/\/ecurie-francorchamps.be\/index.php?rest_route=\/wp\/v2\/pages\/4925\/revisions"}],"predecessor-version":[{"id":4992,"href":"https:\/\/ecurie-francorchamps.be\/index.php?rest_route=\/wp\/v2\/pages\/4925\/revisions\/4992"}],"wp:attachment":[{"href":"https:\/\/ecurie-francorchamps.be\/index.php?rest_route=%2Fwp%2Fv2%2Fmedia&parent=4925"}],"curies":[{"name":"wp","href":"https:\/\/api.w.org\/{rel}","templated":true}]}}