{"id":5044,"date":"2022-03-06T00:55:50","date_gmt":"2022-03-05T23:55:50","guid":{"rendered":"https:\/\/ecurie-francorchamps.be?page_id=5044"},"modified":"2022-03-06T00:55:50","modified_gmt":"2022-03-05T23:55:50","slug":"mon-compte","status":"publish","type":"page","link":"https:\/\/ecurie-francorchamps.be\/?page_id=5044","title":{"rendered":"Mon compte"},"content":{"rendered":"<div class=\"woocommerce\"><div class=\"woocommerce-notices-wrapper\"><\/div>\n\n\t\t<h2>Se connecter<\/h2>\n\n\t\t<form class=\"woocommerce-form woocommerce-form-login login\" method=\"post\">\n\n\t\t\t\n\t\t\t<p class=\"woocommerce-form-row woocommerce-form-row--wide form-row form-row-wide\">\n\t\t\t\t<label for=\"username\">Identifiant ou e-mail&nbsp;<span class=\"required\">*<\/span><\/label>\n\t\t\t\t<input type=\"text\" class=\"woocommerce-Input woocommerce-Input--text input-text\" name=\"username\" id=\"username\" autocomplete=\"username\" value=\"\" \/>\t\t\t<\/p>\n\t\t\t<p class=\"woocommerce-form-row woocommerce-form-row--wide form-row form-row-wide\">\n\t\t\t\t<label for=\"password\">Mot de passe&nbsp;<span class=\"required\">*<\/span><\/label>\n\t\t\t\t<input class=\"woocommerce-Input woocommerce-Input--text input-text\" type=\"password\" name=\"password\" id=\"password\" autocomplete=\"current-password\" \/>\n\t\t\t<\/p>\n\n\t\t\t\n\t\t\t<p class=\"form-row\">\n\t\t\t\t<label class=\"woocommerce-form__label woocommerce-form__label-for-checkbox woocommerce-form-login__rememberme\">\n\t\t\t\t\t<input class=\"woocommerce-form__input woocommerce-form__input-checkbox\" name=\"rememberme\" type=\"checkbox\" id=\"rememberme\" value=\"forever\" \/> <span>Se souvenir de moi<\/span>\n\t\t\t\t<\/label>\n\t\t\t\t<input type=\"hidden\" id=\"woocommerce-login-nonce\" name=\"woocommerce-login-nonce\" value=\"0226404424\" \/><input type=\"hidden\" name=\"_wp_http_referer\" value=\"\/index.php?rest_route=%2Fwp%2Fv2%2Fpages%2F5044\" \/>\t\t\t\t<button type=\"submit\" class=\"woocommerce-button button woocommerce-form-login__submit\" name=\"login\" value=\"Se connecter\">Se connecter<\/button>\n\t\t\t<\/p>\n\t\t\t<p class=\"woocommerce-LostPassword lost_password\">\n\t\t\t\t<a href=\"https:\/\/ecurie-francorchamps.be\/?page_id=5044&#038;lost-password\">Mot de passe perdu\u00a0?<\/a>\n\t\t\t<\/p>\n\n\t\t\t\n\t\t<\/form>\n\n\n<\/div>\n","protected":false},"excerpt":{"rendered":"Se connecter Identifiant ou e-mail&nbsp;* Mot de passe&nbsp;* Se souvenir de moi Se connecter Mot de passe perdu\u00a0?","protected":false},"author":1,"featured_media":0,"parent":0,"menu_order":0,"comment_status":"closed","ping_status":"closed","template":"","meta":{"footnotes":""},"jetpack_sharing_enabled":true,"jetpack-related-posts":[{"id":6409,"url":"https:\/\/ecurie-francorchamps.be\/?page_id=6409","url_meta":{"origin":5044,"position":0},"title":"Politique de Confidentialit\u00e9","author":"damien","date":"mardi, 18 juillet 2023","format":false,"excerpt":"Nous nous r\u00e9jouissons de l'int\u00e9r\u00eat que vous portez \u00e0 notre site Internet. La protection de votre vie priv\u00e9e est tr\u00e8s importante pour nous.Nous vous informons ci-dessous, en d\u00e9tails, du traitement de vos donn\u00e9es. \u00a0 1 . Pr\u00e9l\u00e8vement, traitement et utilisation des donn\u00e9es \u00e0 caract\u00e8re personnel Vous pouvez visiter notre page\u2026","rel":"","context":"Article similaire","block_context":{"text":"Article similaire","link":""},"img":{"alt_text":"","src":"","width":0,"height":0},"classes":[]},{"id":5348,"url":"https:\/\/ecurie-francorchamps.be\/?page_id=5348","url_meta":{"origin":5044,"position":1},"title":"Conditions d&#8217;utilisation","author":"damien","date":"mardi, 22 mars 2022","format":false,"excerpt":"[vc_row][vc_column][vc_column_text]TERMES ET CONDITIONS Veuillez lire ces termes et conditions avec attention, ils contiennent des informations importantes sur vos droits et obligations. 1. Introduction 1.1 Veuillez lire ces termes et conditions avec attention avant d'utiliser ce site Web. Ce site Web est exploit\u00e9 par DISTRIWEAR SRL (\"DISTRIWEAR SRL\u00bb, \u00abnotre\u00bb, \u00abnous\u00bb ou\u2026","rel":"","context":"Article similaire","block_context":{"text":"Article similaire","link":""},"img":{"alt_text":"","src":"","width":0,"height":0},"classes":[]},{"id":5354,"url":"https:\/\/ecurie-francorchamps.be\/?page_id=5354&lang=en","url_meta":{"origin":5044,"position":2},"title":"Terms of use","author":"damien","date":"mardi, 22 mars 2022","format":false,"excerpt":"[vc_row][vc_column][vc_column_text]TERMS AND CONDITIONS Please read these terms and conditions carefully, they contain important information about your rights and obligations. 1. Introduction 1.1 Please read these terms and conditions carefully before using this website. 1.1 This website is operated by \"GLENWOOD \u00ae\" (\"GLENWOOD \u00ae\", \"our\", \"we\" or \"us\"). By accessing or\u2026","rel":"","context":"Article similaire","block_context":{"text":"Article similaire","link":""},"img":{"alt_text":"","src":"","width":0,"height":0},"classes":[]}],"_links":{"self":[{"href":"https:\/\/ecurie-francorchamps.be\/index.php?rest_route=\/wp\/v2\/pages\/5044"}],"collection":[{"href":"https:\/\/ecurie-francorchamps.be\/index.php?rest_route=\/wp\/v2\/pages"}],"about":[{"href":"https:\/\/ecurie-francorchamps.be\/index.php?rest_route=\/wp\/v2\/types\/page"}],"author":[{"embeddable":true,"href":"https:\/\/ecurie-francorchamps.be\/index.php?rest_route=\/wp\/v2\/users\/1"}],"replies":[{"embeddable":true,"href":"https:\/\/ecurie-francorchamps.be\/index.php?rest_route=%2Fwp%2Fv2%2Fcomments&post=5044"}],"version-history":[{"count":0,"href":"https:\/\/ecurie-francorchamps.be\/index.php?rest_route=\/wp\/v2\/pages\/5044\/revisions"}],"wp:attachment":[{"href":"https:\/\/ecurie-francorchamps.be\/index.php?rest_route=%2Fwp%2Fv2%2Fmedia&parent=5044"}],"curies":[{"name":"wp","href":"https:\/\/api.w.org\/{rel}","templated":true}]}}